ose 0 = -3*v - 3, -5*v = 3*f - f + 1. Suppose -f*a + 10148 = 2*r, -7*r + 5*r + 2*a + 10136 = 0. Is r prime?
False
Let h = 15 - 19. Let o be 254/(h/(-6)*-3). Let k = o + 500. Is k prime?
True
Let h(f) = 35*f**2 + 19*f - 1. Let x(m) = m**2 - 14*m - 48. Let b be x(17). Is h(b) a prime number?
False
Suppose -5*q + 3*q - 65574 = 0. Let x be 4/(-6) - q/(-27). Let h = -538 - x. Is h a composite number?
False
Is (-15 + (-1114817)/44)/(-3 - 22/(-8)) composite?
True
Let q = -89038 - -186155. Is q a prime number?
True
Suppose -26815 = -5*m - 5*u, -10 + 6 = -u. Suppose -y + 2*l + 1067 = 0, m = 5*y + 3*l - 5*l. Is y composite?
True
Let o(p) = -2*p**2 + p - 5. Let g be o(3). Let f be 21*(-5)/g - 2/8. Suppose 0 = 6*y - f*y - 771. Is y composite?
True
Let q = 27465 - 3802. Is q a prime number?
True
Suppose -14*u - 24046 + 96524 = 0. Let b = u - -2250. Is b composite?
True
Is (635944/5)/(508/635) prime?
False
Suppose -358 + 1018 = 6*t. Suppose -5*u + t = -5*n, -4*n - 116 = -u + 4*u. Let w(z) = -14*z - 5. Is w(n) a composite number?
False
Suppose 5*h + c = 318809, 3*c + 0*c - 63759 = -h. Suppose -3*o - 5*v + h = 0, -5*o - 4*v + 106310 = -9*v. Is o a composite number?
True
Suppose 0 = -4*o - 12, o = 2*w + 161969 - 553158. Is w prime?
True
Let a(b) = -7*b**3 + 18*b**2 - 9*b - 18. Let w(d) = 8*d**3 - 19*d**2 + 10*d + 20. Let y(n) = 7*a(n) + 6*w(n). Is y(11) a prime number?
False
Suppose 0 = 252*f - 67494741 - 71588334 + 3841983. Is f a composite number?
False
Let a = 445666 + -116405. Is a a prime number?
False
Suppose -5 = -v, -4*v = -3*z + 9533 + 47216. Let l = -5328 + z. Is l composite?
True
Let k(u) = 3303*u + 103. Let d = 923 + -921. Is k(d) prime?
True
Let i(m) = m**2 - 8*m + 2. Let j be i(4). Let l be 21414/21 - j/49. Suppose 2*v = w - 2*v - 267, -4*v = -4*w + l. Is w composite?
False
Let m = 34312 - 21818. Is m composite?
True
Suppose 4*l = n - 15, 3*n - 6 = 5*l + 18. Let i be 703 + 2 + (-12)/(-3) + l. Suppose -5*b = -2*g - 2355 + i, -3*g = -9. Is b a prime number?
True
Let s(k) = -1557*k + 4523. Is s(-24) a composite number?
True
Let m be (-2)/(-1 - (-3)/6). Suppose 7*u - 31*u + 120 = 0. Suppose 2*b = c + u*b - 95, -3*b - 380 = -m*c. Is c a prime number?
False
Suppose -2*u = 4*p - u - 19, u - 3 = 0. Let y(s) = 71*s**3 + 3*s**2 - 14*s + 10. Is y(p) prime?
False
Suppose 99050 = 4*h - 2*j, -5*h - 5*j = -h - 99057. Is h composite?
False
Let i = 233754 + -109543. Is i prime?
False
Let q(m) = -m**3 - 14*m**2 - 5*m + 6. Let u be q(-13). Let c = 101 + u. Suppose -c*a = -3*b + 7*b - 1868, 4*a - 1401 = -3*b. Is b prime?
True
Let a(k) = k**2 + 37*k + 132. Let b be a(-33). Suppose 4*r - 9307 = -3*x, b = -5*x + 12*r - 7*r + 15570. Is x a composite number?
False
Let f = -179 - -302. Let k = -109 + 195. Let h = f - k. Is h a prime number?
True
Let g = -625473 - -917150. Is g a prime number?
True
Let p(c) = -c**2 + 12*c - 24. Let t be p(3). Suppose 0 = t*j - 4*x - 37065, 3*j - 1909 = 5*x + 35153. Is j prime?
False
Is (-2)/7 + (31489844/28 - (5 + -1)) a composite number?
True
Suppose -i - 2*b = -27891, 83906 + 55529 = 5*i + 5*b. Is i a composite number?
False
Suppose -23*h - 532 = -4*h. Is h/(-224) - (-3182)/16 a prime number?
True
Suppose 41*n - 6 = 39*n, 2*r + 5*n = 5173. Is r a prime number?
True
Let z(n) = 231*n + 102. Suppose 0*v + 2*v + 2*j = 0, 0 = -5*v - 2*j + 15. Is z(v) a composite number?
True
Suppose 5*p - 20 = 0, p = 2*b - 2*p - 696. Suppose -5688 = 29*c - 787. Let d = c + b. Is d a prime number?
False
Let x(j) = 15*j**3 - 18*j**2 - 3*j - 95. Is x(13) a prime number?
False
Suppose 0 = -m + 5*m, -4*z + 12 = -2*m. Suppose y + a = 335, 2*y - 7*y + 1678 = 4*a. Suppose -c - z*o = -y, -2*o = -3*c - 0*o + 1025. Is c a composite number?
True
Let x(f) = -322*f - 2986. Is x(-96) a composite number?
True
Suppose -h = 5*t - 23 - 13, 5*t + 2*h - 32 = 0. Suppose t*x - 136 - 304 = 0. Suppose -2*i = -391 - x. Is i composite?
False
Let t = 32 - 33. Let q(y) = -313*y + 4. Is q(t) a composite number?
False
Let c(q) = -8*q - 77. Let d be c(-10). Suppose -231 = d*w - 6*w. Is w prime?
False
Let j(l) be the third derivative of 151*l**6/20 + l**5/30 - l**4/8 + l**3/3 + 2*l**2. Suppose 3*t = -2*x + 4*t + 1, -t = 4*x - 5. Is j(x) a composite number?
False
Let p(d) be the first derivative of 180*d**2 - 10*d - 30. Let b be p(3). Suppose -5*k + b = 5*a, 4*a - 2*a - 5*k - 421 = 0. Is a composite?
True
Let b = 195 + -196. Let u(j) = -1632*j**3 + j**2 + 3*j + 1. Is u(b) a composite number?
True
Let h(o) = -448*o - 10. Let x(q) = 299*q + 7. Let c(j) = 5*h(j) + 7*x(j). Is c(-2) a composite number?
False
Suppose -3*m + 4*a = -2702 - 492, -5*a = 2*m - 2160. Suppose 220 = 2*p + 9*p. Suppose 18*s = p*s - m. Is s a composite number?
True
Let h(f) = 298*f**2 - 12. Let d be h(-10). Suppose -3201 = 11*r - d. Is r prime?
True
Let t(m) = 4*m + 25. Let z(b) = 7*b + 49. Let a(n) = -5*t(n) + 3*z(n). Let g be a(-20). Suppose -3*l - 845 = -4*x, -5*x - 78 = -g*l - 1143. Is x prime?
False
Let w(i) = 42*i**2 - 11*i + 3. Suppose -12*j + 2 = -46. Is w(j) prime?
True
Let u(a) = 14*a**2 + 26. Let w be u(-11). Is w/3 - 1 - (-8)/12 a prime number?
False
Suppose 8 = l - 0. Suppose 5 = -3*j + 5*u - l, u - 23 = 4*j. Is (211/2)/((-3)/j) a prime number?
True
Let h(x) = 2*x - 6. Let s be h(5). Suppose -19 + 7 = -s*i. Suppose 0 = 5*v - i*a - 3070, 4*v - 2941 = a - 492. Is v prime?
False
Let i = 299210 + -145653. Is i a composite number?
False
Suppose -2*r + m = -17, 14 = -r + 4*m + 5. Let n be (34970/55 - (-2)/r) + 0. Suppose 0*q + 5*t + n = 4*q, 0 = q - 3*t - 159. Is q prime?
False
Is ((-28058)/(-11))/(330/1815) composite?
False
Let n be 16/(-32) + -7*(-26)/(-4). Let v = 316 - n. Suppose v + 331 = 9*c. Is c composite?
True
Let o = 53 - -10. Suppose -61*y = -o*y + 4. Suppose -y*h - 5*p + 595 = 0, -5*p + 171 = 3*h - 719. Is h prime?
False
Let a be (-1467)/(6/(-2))*(-28)/(-6). Suppose u - 717 = -5*h + a, -4*u - 5*h + 12071 = 0. Let g = u - 821. Is g a composite number?
False
Let k = -148 - -155. Is -10 + 4 - (k - 852) composite?
False
Let x(y) = -y**3 + 99*y**2 + 8*y - 41. Is x(28) a composite number?
True
Suppose -5*m = -9*m + 8. Let h(t) = 6 + 26*t**m + 11 - 13*t**2 - 7*t**2 + 3*t. Is h(-10) a composite number?
False
Let t(c) = c - 11. Let y be t(11). Suppose 0 = 2*h + 10, -x = -y*x - 4*h - 39. Suppose v = x + 3. Is v composite?
True
Suppose 163*t - 183*t + 1307980 = 0. Is t composite?
True
Let v = 4744 - -178513. Is v a prime number?
False
Let f(c) = -77*c**3 + 2*c**2 + c. Let a be f(-1). Suppose -8*z = 4*o - 6*z + 106, 4*o - 3*z + 91 = 0. Let t = a + o. Is t a composite number?
False
Suppose 0 = -d - n + 19, 15 = 4*d - 3*d - 3*n. Let f = d + -16. Suppose 0 = 3*y + k - 997, 5*y = 8*y - f*k - 985. Is y prime?
True
Suppose 0 = 5*m - 186350 - 162230. Suppose 126061 = 27*z - m. Is z a prime number?
False
Let d(m) = -2*m - 3. Let c be d(-5). Suppose 5*y = -23 - c. Is ((-4)/(8/y))/((-9)/(-4113)) a prime number?
False
Is ((-487370)/2 + -1)*(-19)/228*6 prime?
True
Let u(g) = 3*g**2 + 25*g + 1. Let a(h) be the third derivative of -h**6/120 + h**5/12 - h**4/24 + h**3/3 + 18*h**2. Let v be a(3). Is u(v) a composite number?
True
Suppose -5691*q + 5684*q + 27923 = 0. Is q a composite number?
False
Suppose -2*w = -4*o - 3414, -1722 = 11*w - 12*w - o. Is w a composite number?
True
Suppose 768 - 81624 = 12*h. Let m = h + 16457. Is m a composite number?
False
Let m = -2671874 + 4602821. Is m a composite number?
True
Let v be (-2)/(-4)*7*6. Let p(a) = -46*a - 44*a - 5 + v*a + 5*a. Is p(-4) a composite number?
False
Suppose 5845 = o - 5*q, -727 - 5073 = -o - 4*q. Let x = 14561 - o. Is x prime?
True
Let z = 27 - 557. Let f = z - -823. Is f a composite number?
False
Is 6491/3*(-68)/(1292/(-1653)) composite?
True
Let n(y) = y**2 + 12*y - 36. Let b be n(-14). Is b + 4 - (-18565)/5 a prime number?
True
Let n(a) = 2*a**2 + 92*a + 90. Let u be n(-45). Suppose 3*m - 3*r - 18951 = u, m + 15*r = 13*r + 6317. Is m composite?
False
Is (-7*(-16)/(-56))/((-4)/20714)*2 composite?
True
Suppose -3*q = 3*d - 4614, -2*d + 5*d = -2*q + 3081. Suppose -f = 102*h - 100*h + 1776, h + 2*f = -894. Let r = q + h. Is r prime?
True
Let a(v) = 11139*v + 157. Is a(3) a prime number?
False
Let a(u) = u**3 + 13*u**2 + 28*u - 14. Let l be a(-9). Suppose -5*r + 5*o = -5